{"id":22422,"date":"2022-10-19T11:43:44","date_gmt":"2022-10-19T09:43:44","guid":{"rendered":"https:\/\/eurekakidskosovo.com\/?post_type=product&#038;p=22422"},"modified":"2024-06-02T23:58:51","modified_gmt":"2024-06-02T21:58:51","slug":"yll-deti-moes","status":"publish","type":"product","link":"https:\/\/eurekakidskosovo.com\/en\/product\/yll-deti-moes\/","title":{"rendered":"Yll Deti Moes"},"content":{"rendered":"<p>A duan f\u00ebmij\u00ebt tuaj t\u00eb b\u00ebhen yjet e detit? Ju mundeni me yll deti ton\u00eb t\u00eb lezetsh\u00ebm dhe shum\u00eb funksional. F\u00ebmija juaj do t\u00eb m\u00ebsoj\u00eb t\u00eb balancoj\u00eb, t\u00eb k\u00ebrcej\u00eb, t\u00eb rrotullohet dhe t\u00eb surfoj\u00eb n\u00eb asnj\u00eb koh\u00eb. A jan\u00eb gati p\u00ebr k\u00ebt\u00eb aventur\u00eb?<br \/>\nManuali p\u00ebr t\u00eb luajtur me Moes \u00ebsht\u00eb i pafund. Arg\u00ebtimi dhe kreativiteti jan\u00eb qendrore. P\u00ebrve\u00e7 k\u00ebsaj, kjo form\u00eb e loj\u00ebs s\u00eb hapur stimulon zhvillimin motorik t\u00eb f\u00ebmij\u00ebs suaj.<br \/>\nP\u00ebr m\u00eb tep\u00ebr, ky sy t\u00ebrheq\u00ebs p\u00ebrshtatet n\u00eb m\u00ebnyr\u00eb t\u00eb p\u00ebrkryer n\u00eb \u00e7do interier.<br \/>\nMateriali p\u00ebrb\u00ebhet nga nj\u00eb shkum\u00eb EVA e fort\u00eb dhe e but\u00eb, e testuar EN-71, e leht\u00eb, e leht\u00eb p\u00ebr t&#8217;u lar\u00eb dhe nuk p\u00ebrmban substanca t\u00eb d\u00ebmshme.<\/p>","protected":false},"excerpt":{"rendered":"<p>A duan f\u00ebmij\u00ebt tuaj t\u00eb b\u00ebhen yjet e detit? Ju mundeni me yll deti ton\u00eb t\u00eb lezetsh\u00ebm dhe shum\u00eb funksional.<\/p>","protected":false},"featured_media":22423,"template":"","meta":{"advanced_seo_description":"","jetpack_seo_html_title":"","jetpack_seo_noindex":false,"jetpack_post_was_ever_published":false},"product_brand":[],"product_cat":[2589,2590,2591,2733,2427,2488,2428,2569,2593,2580],"product_tag":[],"class_list":{"0":"post-22422","1":"product","2":"type-product","3":"status-publish","4":"has-post-thumbnail","6":"product_cat-2-deri-ne-5-vjet-lodra-per-natyre","7":"product_cat-5-deri-ne-8-vjet-lodra-per-natyre","8":"product_cat-8-deri-ne-12-vjet-lodra-per-natyre","9":"product_cat-aksesore-plazhi","10":"product_cat-lodra-edukative","11":"product_cat-lodra-per-krijues","12":"product_cat-lodra-per-natyre","13":"product_cat-lojera-strategjike-dhe-aftesie","14":"product_cat-mjeshteri-dhe-veprimtari","15":"product_cat-sporte-dhe-lojera-ne-natyre","17":"first","18":"instock","19":"taxable","20":"shipping-taxable","21":"purchasable","22":"product-type-simple"},"jetpack_likes_enabled":false,"jetpack_sharing_enabled":false,"_links":{"self":[{"href":"https:\/\/eurekakidskosovo.com\/en\/wp-json\/wp\/v2\/product\/22422","targetHints":{"allow":["GET"]}}],"collection":[{"href":"https:\/\/eurekakidskosovo.com\/en\/wp-json\/wp\/v2\/product"}],"about":[{"href":"https:\/\/eurekakidskosovo.com\/en\/wp-json\/wp\/v2\/types\/product"}],"wp:featuredmedia":[{"embeddable":true,"href":"https:\/\/eurekakidskosovo.com\/en\/wp-json\/wp\/v2\/media\/22423"}],"wp:attachment":[{"href":"https:\/\/eurekakidskosovo.com\/en\/wp-json\/wp\/v2\/media?parent=22422"}],"wp:term":[{"taxonomy":"product_brand","embeddable":true,"href":"https:\/\/eurekakidskosovo.com\/en\/wp-json\/wp\/v2\/product_brand?post=22422"},{"taxonomy":"product_cat","embeddable":true,"href":"https:\/\/eurekakidskosovo.com\/en\/wp-json\/wp\/v2\/product_cat?post=22422"},{"taxonomy":"product_tag","embeddable":true,"href":"https:\/\/eurekakidskosovo.com\/en\/wp-json\/wp\/v2\/product_tag?post=22422"}],"curies":[{"name":"wp","href":"https:\/\/api.w.org\/{rel}","templated":true}]}}

<p>A duan fëmijët tuaj të bëhen yjet e detit? Ju mundeni me yll deti tonë të lezetshëm dhe shumë funksional. Fëmija juaj do të mësojë të balancojë, të kërcejë, të rrotullohet dhe të surfojë në asnjë kohë. A janë gati për këtë aventurë?<br />
Manuali për të luajtur me Moes është i pafund. Argëtimi dhe kreativiteti janë qendrore. Përveç kësaj, kjo formë e lojës së hapur stimulon zhvillimin motorik të fëmijës suaj.<br />
Për më tepër, ky sy tërheqës përshtatet në mënyrë të përkryer në çdo interier.<br />
Materiali përbëhet nga një shkumë EVA e fortë dhe e butë, e testuar EN-71, e lehtë, e lehtë për t&#8217;u larë dhe nuk përmban substanca të dëmshme.</p>

<p>A duan fëmijët tuaj të bëhen yjet e detit? Ju mundeni me yll deti tonë të lezetshëm dhe shumë funksional.</p>
