{"id":26043,"date":"2024-02-16T18:00:50","date_gmt":"2024-02-16T17:00:50","guid":{"rendered":"https:\/\/eurekakidskosovo.com\/?post_type=product&#038;p=26043"},"modified":"2024-06-02T23:46:16","modified_gmt":"2024-06-02T21:46:16","slug":"set-me-2-pjate-3","status":"publish","type":"product","link":"https:\/\/eurekakidskosovo.com\/en\/product\/set-me-2-pjate-3\/","title":{"rendered":"Set me 2 pjat\u00eb"},"content":{"rendered":"<p>K\u00ebto pjata jan\u00eb t\u00eb lehta dhe t\u00eb q\u00ebndrueshme dhe mund t\u00eb bien n\u00eb dysheme pa u thyer. Ato jan\u00eb t\u00eb lehta p\u00ebr t&#8217;u pastruar dhe t\u00eb sigurta n\u00eb larje en\u00ebsh. Pjatat tona jan\u00eb b\u00ebr\u00eb p\u00ebr t&#8217;u p\u00ebrdorur p\u00ebr t\u00eb gjith\u00eb familjen n\u00eb sht\u00ebpi, n\u00eb plazh ose n\u00eb nj\u00eb sh\u00ebtitje. Vjen n\u00eb pako me 2 cop\u00eb.<\/p>\n<p>T\u00eb gjitha en\u00ebt tona t\u00eb dark\u00ebs jan\u00eb prej 40% fib\u00ebr druri suedez dhe 60% plastik\u00eb me baz\u00eb bio. Fibra e drurit \u00ebsht\u00eb mbetje nga industria suedeze e drurit q\u00eb do t\u00eb ishte djegur n\u00ebse nuk do ta p\u00ebrdornim. K\u00ebto produkte jan\u00eb prodhuar n\u00eb Suedi dhe jan\u00eb miq\u00ebsore me mjedisin.<\/p>\n<p><strong>Features:<\/strong><br \/>\n&#8211; I p\u00ebrshtatsh\u00ebm p\u00ebr ushqim dhe pije t\u00eb nxeht\u00eb dhe t\u00eb ftoht\u00eb<br \/>\n&#8211; Lani en\u00ebt e dark\u00ebs p\u00ebrpara p\u00ebrdorimit t\u00eb par\u00eb<br \/>\n&#8211; I sigurt n\u00eb lar\u00ebs en\u00ebsh<br \/>\n&#8211; Mos e vendosni n\u00eb mikroval\u00eb<br \/>\n&#8211; Ky material \u00ebsht\u00eb natyrisht m\u00eb i but\u00eb dhe p\u00ebrdorimi i thik\u00ebs mund t\u00eb l\u00ebr\u00eb gjurm\u00eb.<\/p>","protected":false},"excerpt":{"rendered":"<p>K\u00ebto pjata jan\u00eb t\u00eb lehta dhe t\u00eb q\u00ebndrueshme dhe mund t\u00eb bien n\u00eb dysheme pa u thyer. Ato jan\u00eb t\u00eb<\/p>","protected":false},"featured_media":26044,"template":"","meta":{"advanced_seo_description":"","jetpack_seo_html_title":"","jetpack_seo_noindex":false,"jetpack_post_was_ever_published":false},"product_brand":[],"product_cat":[2550,2548,2549,2429],"product_tag":[],"class_list":{"0":"post-26043","1":"product","2":"type-product","3":"status-publish","4":"has-post-thumbnail","6":"product_cat-24-muaj","7":"product_cat-12-deri-ne-18-muaj","8":"product_cat-18-deri-ne-24-muaj","9":"product_cat-lodra-per-bebe","11":"first","12":"instock","13":"taxable","14":"shipping-taxable","15":"purchasable","16":"product-type-simple"},"jetpack_likes_enabled":false,"jetpack_sharing_enabled":false,"_links":{"self":[{"href":"https:\/\/eurekakidskosovo.com\/en\/wp-json\/wp\/v2\/product\/26043","targetHints":{"allow":["GET"]}}],"collection":[{"href":"https:\/\/eurekakidskosovo.com\/en\/wp-json\/wp\/v2\/product"}],"about":[{"href":"https:\/\/eurekakidskosovo.com\/en\/wp-json\/wp\/v2\/types\/product"}],"wp:featuredmedia":[{"embeddable":true,"href":"https:\/\/eurekakidskosovo.com\/en\/wp-json\/wp\/v2\/media\/26044"}],"wp:attachment":[{"href":"https:\/\/eurekakidskosovo.com\/en\/wp-json\/wp\/v2\/media?parent=26043"}],"wp:term":[{"taxonomy":"product_brand","embeddable":true,"href":"https:\/\/eurekakidskosovo.com\/en\/wp-json\/wp\/v2\/product_brand?post=26043"},{"taxonomy":"product_cat","embeddable":true,"href":"https:\/\/eurekakidskosovo.com\/en\/wp-json\/wp\/v2\/product_cat?post=26043"},{"taxonomy":"product_tag","embeddable":true,"href":"https:\/\/eurekakidskosovo.com\/en\/wp-json\/wp\/v2\/product_tag?post=26043"}],"curies":[{"name":"wp","href":"https:\/\/api.w.org\/{rel}","templated":true}]}}

Set me 2 pjatë

<p>Këto pjata janë të lehta dhe të qëndrueshme dhe mund të bien në dysheme pa u thyer. Ato janë të lehta për t&#8217;u pastruar dhe të sigurta në larje enësh. Pjatat tona janë bërë për t&#8217;u përdorur për të gjithë familjen në shtëpi, në plazh ose në një shëtitje. Vjen në pako me 2 copë.</p>
<p>Të gjitha enët tona të darkës janë prej 40% fibër druri suedez dhe 60% plastikë me bazë bio. Fibra e drurit është mbetje nga industria suedeze e drurit që do të ishte djegur nëse nuk do ta përdornim. Këto produkte janë prodhuar në Suedi dhe janë miqësore me mjedisin.</p>
<p><strong>Features:</strong><br />
&#8211; I përshtatshëm për ushqim dhe pije të nxehtë dhe të ftohtë<br />
&#8211; Lani enët e darkës përpara përdorimit të parë<br />
&#8211; I sigurt në larës enësh<br />
&#8211; Mos e vendosni në mikrovalë<br />
&#8211; Ky material është natyrisht më i butë dhe përdorimi i thikës mund të lërë gjurmë.</p>

<p>Këto pjata janë të lehta dhe të qëndrueshme dhe mund të bien në dysheme pa u thyer. Ato janë të</p>
